{"id":308,"date":"2020-11-07T21:15:42","date_gmt":"2020-11-07T20:15:42","guid":{"rendered":"https:\/\/anmeldung.ski-gundelfingen.de\/?page_id=308"},"modified":"2025-08-31T13:43:57","modified_gmt":"2025-08-31T11:43:57","slug":"anmeldung-kronplatz-03-02-2022-06-02-2021-ausgebucht","status":"publish","type":"page","link":"https:\/\/anmeldung.ski-gundelfingen.de\/?page_id=308","title":{"rendered":"Anmeldung Kronplatz \/ S\u00fcdtirol 22.01.2026 &#8211; 25.01.2026"},"content":{"rendered":"\n<div class=\"wp-block-columns is-layout-flex wp-container-core-columns-is-layout-1 wp-block-columns-is-layout-flex\">\n<div class=\"wp-block-column is-layout-flow wp-block-column-is-layout-flow\" style=\"flex-basis:100%\">\n<h1 class=\"wp-block-heading\"><\/h1>\n\n\n\n<p>In gewohnter Form starten wir am Donnerstag, den 22.01.2026 Mittags ab 13:00 Uhr in Gundelfingen und werden am Sonntag, den 25.01.2026 wieder Abends zur\u00fcck sein.<\/p>\n\n\n\n<p>Details kommen noch zu einem sp\u00e4teren Zeitpunkt.<\/p>\n\n\n\n<p>Anmeldungen sind ab sofort m\u00f6glich unter<strong> ski-gundelfingen@mail.de<\/strong><\/p>\n\n\n\n<p>Bitte gebt uns folgende Informationen zur Anmeldung per Email:<\/p>\n\n\n\n<p>Namen, Geburtsdatum, Doppel- oder Einzelzimmer, Eure Telefonnummer auf der wir Euch bei R\u00fcckfragen erreichen k\u00f6nnen und die Bankverbindung IBAN falls noch nicht bereits gemeldet.<\/p>\n\n\n\n<p><\/p>\n\n\n\n<p>F\u00fcr Fragen k\u00f6nnt Ihr Euch gerne bei uns auch telefonisch melden:<\/p>\n\n\n\n<p>Michael Schamberger: 0170 8020250<\/p>\n\n\n\n<p>Bernd Meier: 0172 8127624<\/p>\n\n\n\n<p><\/p>\n\n\n\n<p>Der Preis gestaltet sich wie folgt:<\/p>\n\n\n\n<p>3 1\/2 Tage Halbpension inkl. Kurtaxe, inkl. Bustransfer und 3-Tagesliftpass Superdolomiti : Erw 560,00 \u20ac im Doppelzimmer<\/p>\n\n\n\n<p>Senioren: 535,00 \u20ac im Doppelzimmer<\/p>\n\n\n\n<p>Senioren: 580,00 \u20ac im Einzelzimmer<\/p>\n\n\n\n<p>Auf eine Anzahlung verzichten wir, sollte jedoch eine zu kurzfristige Absage erfolgen, behalten wir uns vor die Fixkosten einzubehalten. Details folgen sp\u00e4ter.<\/p>\n\n\n\n<p>Wir freuen uns schon auf unsere Fahrt nach S\u00fcdtirol. Wenn es das Wetter zul\u00e4sst, werden wir nat\u00fcrlich wieder Corvara einplanen.<\/p>\n<\/div>\n<\/div>\n\n\n\n<p><\/p>\n","protected":false},"excerpt":{"rendered":"<p>In gewohnter Form starten wir am Donnerstag, den 22.01.2026 Mittags ab 13:00 Uhr in Gundelfingen und werden am Sonntag, den 25.01.2026 wieder Abends zur\u00fcck sein. Details kommen noch zu einem sp\u00e4teren Zeitpunkt. Anmeldungen sind ab sofort m\u00f6glich unter ski-gundelfingen@mail.de Bitte gebt uns folgende Informationen zur Anmeldung per Email: Namen, Geburtsdatum, Doppel- oder Einzelzimmer, Eure Telefonnummer &hellip; <a href=\"https:\/\/anmeldung.ski-gundelfingen.de\/?page_id=308\">Continued<\/a><\/p>\n","protected":false},"author":2,"featured_media":37,"parent":0,"menu_order":0,"comment_status":"closed","ping_status":"closed","template":"","meta":{"_acf_changed":false,"footnotes":""},"class_list":["post-308","page","type-page","status-publish","has-post-thumbnail","hentry"],"acf":[],"_links":{"self":[{"href":"https:\/\/anmeldung.ski-gundelfingen.de\/index.php?rest_route=\/wp\/v2\/pages\/308","targetHints":{"allow":["GET"]}}],"collection":[{"href":"https:\/\/anmeldung.ski-gundelfingen.de\/index.php?rest_route=\/wp\/v2\/pages"}],"about":[{"href":"https:\/\/anmeldung.ski-gundelfingen.de\/index.php?rest_route=\/wp\/v2\/types\/page"}],"author":[{"embeddable":true,"href":"https:\/\/anmeldung.ski-gundelfingen.de\/index.php?rest_route=\/wp\/v2\/users\/2"}],"replies":[{"embeddable":true,"href":"https:\/\/anmeldung.ski-gundelfingen.de\/index.php?rest_route=%2Fwp%2Fv2%2Fcomments&post=308"}],"version-history":[{"count":14,"href":"https:\/\/anmeldung.ski-gundelfingen.de\/index.php?rest_route=\/wp\/v2\/pages\/308\/revisions"}],"predecessor-version":[{"id":1146,"href":"https:\/\/anmeldung.ski-gundelfingen.de\/index.php?rest_route=\/wp\/v2\/pages\/308\/revisions\/1146"}],"wp:featuredmedia":[{"embeddable":true,"href":"https:\/\/anmeldung.ski-gundelfingen.de\/index.php?rest_route=\/wp\/v2\/media\/37"}],"wp:attachment":[{"href":"https:\/\/anmeldung.ski-gundelfingen.de\/index.php?rest_route=%2Fwp%2Fv2%2Fmedia&parent=308"}],"curies":[{"name":"wp","href":"https:\/\/api.w.org\/{rel}","templated":true}]}}