{"id":134,"date":"2023-11-20T18:39:45","date_gmt":"2023-11-20T17:39:45","guid":{"rendered":"https:\/\/anmeldung.ski-gundelfingen.de\/?page_id=134"},"modified":"2026-02-24T20:06:09","modified_gmt":"2026-02-24T19:06:09","slug":"jugendskifreizeit-in-berwang-rinnen-am-18-03-2022-20-03-2022","status":"publish","type":"page","link":"https:\/\/anmeldung.ski-gundelfingen.de\/?page_id=134","title":{"rendered":"Jugendskifreizeit in Riezlern Kleinwalsertal 27.02.2026 &#8211; 01.03.2026 &#8211; Anmeldung geschlossen"},"content":{"rendered":"\n<p><\/p>\n\n\n\n<h2 class=\"wp-block-heading\">Abfahrt &amp; R\u00fcckkehr<\/h2>\n\n\n\n<p>Abfahrt am 27.02.2026 um 15:00 Uhr am Schulhof der Mittelschule Gundelfingen<\/p>\n\n\n\n<p>R\u00fcckkehr am 01.03.2026 je nach Verkehrslage ca. 18:30 Uhr<\/p>\n\n\n\n<h2 class=\"wp-block-heading\"><\/h2>\n\n\n\n<h2 class=\"wp-block-heading\"><\/h2>\n\n\n\n<h2 class=\"wp-block-heading\"><\/h2>\n\n\n\n<p><\/p>\n\n\n\n<h2 class=\"wp-block-heading\">Voraussetzungen<\/h2>\n\n\n\n<p><\/p>\n\n\n\n<ul class=\"wp-block-list\">\n<li>Anmeldung ab 8 Jahren<\/li>\n\n\n\n<li>sicheres Bogenfahren &#8211; wir bieten begleitetes Fahren an, kein Skikurs<\/li>\n\n\n\n<li>max. 18 Teilnehmer<\/li>\n<\/ul>\n\n\n\n<p><\/p>\n\n\n\n<p><\/p>\n\n\n\n<div class=\"wp-block-columns is-layout-flex wp-container-core-columns-is-layout-1 wp-block-columns-is-layout-flex\">\n<div class=\"wp-block-column is-layout-flow wp-block-column-is-layout-flow\"><\/div>\n\n\n\n<div class=\"wp-block-column is-layout-flow wp-block-column-is-layout-flow\"><\/div>\n<\/div>\n\n\n\n<h2 class=\"wp-block-heading\">Ablauf<\/h2>\n\n\n\n<p><\/p>\n\n\n\n<p><strong>Freitag<\/strong><\/p>\n\n\n\n<ul class=\"wp-block-list\">\n<li>15:00 Uhr: Abfahrt am Parkplatz in 9 &#8211; Sitzern Bussen oder PKW\u00b4s nach Riezlern<\/li>\n\n\n\n<li>Nach der Ankunft: ca. 15-min\u00fctiger Fu\u00dfmarsch zur H\u00fctte &#8211; bitte festes Schuhwerk tragen!<\/li>\n\n\n\n<li>Das Gep\u00e4ck wird vom Besitzer zur H\u00fctte gefahren<\/li>\n\n\n\n<li>Abendessen und gemeinsamer Spieleabend auf der H\u00fctte<\/li>\n<\/ul>\n\n\n\n<p><strong>Samstag<\/strong><\/p>\n\n\n\n<ul class=\"wp-block-list\">\n<li>Fr\u00fchst\u00fcck auf der H\u00fctte<\/li>\n\n\n\n<li>Anschlie\u00dfend gemeinsames Skifahren im Skigebiet<\/li>\n\n\n\n<li>Geld f\u00fcr das Mittagessen im Skigebiet mitnehmen<\/li>\n\n\n\n<li>Abendessen wieder gemeinsam auf der H\u00fctte<\/li>\n<\/ul>\n\n\n\n<p><strong>Sonntag<\/strong><\/p>\n\n\n\n<ul class=\"wp-block-list\">\n<li>Fr\u00fchst\u00fcck<\/li>\n\n\n\n<li>Gep\u00e4ck packen und f\u00fcr die R\u00fcckfahrt abstellen<\/li>\n\n\n\n<li>Danach nochmals gemeinsames Skifahren<\/li>\n\n\n\n<li>Geld f\u00fcr das Mittagessen im Skigebiet mitnehmen<\/li>\n\n\n\n<li>Nachmittags: Abholung direkt am Skigebiet<\/li>\n\n\n\n<li>Getr\u00e4nke und Snacks auf der R\u00fcckfahrt inklusive<\/li>\n<\/ul>\n\n\n\n<div class=\"wp-block-columns is-layout-flex wp-container-core-columns-is-layout-2 wp-block-columns-is-layout-flex\">\n<div class=\"wp-block-column is-layout-flow wp-block-column-is-layout-flow\"><\/div>\n<\/div>\n\n\n\n<p><\/p>\n\n\n\n<p><\/p>\n\n\n\n<h2 class=\"wp-block-heading\">Preise<\/h2>\n\n\n\n<p>inkl. Halbpension mit 2-Tages-Skipass und Fahrt<\/p>\n\n\n\n<p>250 \u20ac<\/p>\n\n\n\n<p><\/p>\n\n\n\n<h2 class=\"wp-block-heading\"><\/h2>\n\n\n\n<h2 class=\"wp-block-heading\">Bezahlung<\/h2>\n\n\n\n<p><strong>SEPA-Lastschriftmandat:<\/strong> Ich\/Wir erm\u00e4chtige(n) die Skigemeinschaft FC+TV Gundelfingen einmalig, die von mir\/uns zu entrichtenden Zahlung in  H\u00f6he von 250 Euro f\u00fcr diese Ausfahrt bei F\u00e4lligkeit durch SEPA-Lastschriftmandat einzuziehen. Zugleich weise(n) ich\/wir unser Kreditinstitut an, die von der Skigemeinschaft FC+TV Gundelfingen auf mein Konto gezogenen Lastschrifen einzul\u00f6sen.<\/p>\n\n\n\n<p>Sparkasse Dillingen-N\u00f6rdlingen<br>BLZ 722 515 20 | Konto 346 870<br>IBAN DE98 7225 1520 0000 3468 70<br>BIC BYLADEM1DLG<\/p>\n\n\n\n<p><\/p>\n","protected":false},"excerpt":{"rendered":"<p>Abfahrt &amp; R\u00fcckkehr Abfahrt am 27.02.2026 um 15:00 Uhr am Schulhof der Mittelschule Gundelfingen R\u00fcckkehr am 01.03.2026 je nach Verkehrslage ca. 18:30 Uhr Voraussetzungen Ablauf Freitag Samstag Sonntag Preise inkl. Halbpension mit 2-Tages-Skipass und Fahrt 250 \u20ac Bezahlung SEPA-Lastschriftmandat: Ich\/Wir erm\u00e4chtige(n) die Skigemeinschaft FC+TV Gundelfingen einmalig, die von mir\/uns zu entrichtenden Zahlung in H\u00f6he von &hellip; <a href=\"https:\/\/anmeldung.ski-gundelfingen.de\/?page_id=134\">Continued<\/a><\/p>\n","protected":false},"author":2,"featured_media":0,"parent":0,"menu_order":0,"comment_status":"closed","ping_status":"closed","template":"","meta":{"_acf_changed":false,"footnotes":""},"class_list":["post-134","page","type-page","status-publish","hentry"],"acf":[],"_links":{"self":[{"href":"https:\/\/anmeldung.ski-gundelfingen.de\/index.php?rest_route=\/wp\/v2\/pages\/134","targetHints":{"allow":["GET"]}}],"collection":[{"href":"https:\/\/anmeldung.ski-gundelfingen.de\/index.php?rest_route=\/wp\/v2\/pages"}],"about":[{"href":"https:\/\/anmeldung.ski-gundelfingen.de\/index.php?rest_route=\/wp\/v2\/types\/page"}],"author":[{"embeddable":true,"href":"https:\/\/anmeldung.ski-gundelfingen.de\/index.php?rest_route=\/wp\/v2\/users\/2"}],"replies":[{"embeddable":true,"href":"https:\/\/anmeldung.ski-gundelfingen.de\/index.php?rest_route=%2Fwp%2Fv2%2Fcomments&post=134"}],"version-history":[{"count":43,"href":"https:\/\/anmeldung.ski-gundelfingen.de\/index.php?rest_route=\/wp\/v2\/pages\/134\/revisions"}],"predecessor-version":[{"id":1413,"href":"https:\/\/anmeldung.ski-gundelfingen.de\/index.php?rest_route=\/wp\/v2\/pages\/134\/revisions\/1413"}],"wp:attachment":[{"href":"https:\/\/anmeldung.ski-gundelfingen.de\/index.php?rest_route=%2Fwp%2Fv2%2Fmedia&parent=134"}],"curies":[{"name":"wp","href":"https:\/\/api.w.org\/{rel}","templated":true}]}}